alculate the remainder when 22509117 is divided by 5627276.
13
What is the remainder when 15603517 is divided by 12105?
172
What is the remainder when 78042 is divided by 146?
78
What is the remainder when 2268889 is divided by 180?
169
Calculate the remainder when 10226266 is divided by 14.
8
Calculate the remainder when 10261971 is divided by 1410.
1401
Calculate the remainder when 58295 is divided by 3569.
1191
What is the remainder when 3195975 is divided by 616?
167
What is the remainder when 1112299 is divided by 74144?
139
What is the remainder when 4263150 is divided by 1065781?
26
Calculate the remainder when 2968659 is divided by 366.
33
What is the remainder when 2463698 is divided by 11788?
6
What is the remainder when 1662522 is divided by 25577?
17
What is the remainder when 17804 is divided by 636?
632
What is the remainder when 41595 is divided by 13850?
45
What is the remainder when 36738357 is divided by 232?
229
What is the remainder when 953636 is divided by 1841?
1839
What is the remainder when 2052286 is divided by 19?
1
Calculate the remainder when 583683 is divided by 240.
3
What is the remainder when 281692 is divided by 560?
12
Calculate the remainder when 9135886 is divided by 1943.
1843
Calculate the remainder when 195382676 is divided by 69.
68
Calculate the remainder when 765568 is divided by 171.
1
What is the remainder when 8107438 is divided by 94272?
46
Calculate the remainder when 2787972 is divided by 16595.
12
What is the remainder when 15353909 is divided by 1900?
9
Calculate the remainder when 288455 is divided by 682.
651
Calculate the remainder when 1238447055 is divided by 14.
13
What is the remainder when 482818 is divided by 482753?
65
Calculate the remainder when 1053691 is divided by 81051.
28
Calculate the remainder when 72248646 is divided by 54651.
24
Calculate the remainder when 12020065 is divided by 19705.
15
What is the remainder when 33819 is divided by 2521?
1046
What is the remainder when 334983 is divided by 118?
99
What is the remainder when 1788270 is divided by 44?
22
Calculate the remainder when 56775278 is divided by 229.
224
Calculate the remainder when 357415 is divided by 2542.
1535
What is the remainder when 22826821 is divided by 1494?
1489
What is the remainder when 1202845 is divided by 98?
91
What is the remainder when 1552459 is divided by 8175?
7384
Calculate the remainder when 198739 is divided by 1776.
1603
What is the remainder when 1210594 is divided by 227?
3
What is the remainder when 42515750 is divided by 4072?
4070
Calculate the remainder when 39811682 is divided by 631.
630
Calculate the remainder when 10286685 is divided by 4492.
5
What is the remainder when 6317000 is divided by 94?
12
What is the remainder when 46397 is divided by 1407?
1373
Calculate the remainder when 990832 is divided by 1720.
112
What is the remainder when 491275 is divided by 24552?
235
What is the remainder when 9126807 is divided by 594?
591
Calculate the remainder when 18638155 is divided by 9319070.
15
Calculate the remainder when 2236740 is divided by 31.
28
Calculate the remainder when 691762347 is divided by 277.
275
Calculate the remainder when 347292 is divided by 106.
36
Calculate the remainder when 13439 is divided by 13413.
26
What is the remainder when 23003450 is divided by 2652?
2
Calculate the remainder when 25879 is divided by 624.
295
Calculate the remainder when 6214151 is divided by 746.
717
What is the remainder when 249131 is divided by 82957?
260
What is the remainder when 16933 is divided by 16630?
303
What is the remainder when 1503428 is divided by 1009?
18
What is the remainder when 64819 is divided by 1658?
157
Calculate the remainder when 17937583 is divided by 480.
463
What is the remainder when 32489464 is divided by 982?
976
What is the remainder when 252681 is divided by 3505?
321
Calculate the remainder when 22285795 is divided by 360.
355
What is the remainder when 41276225 is divided by 165?
155
Calculate the remainder when 31676699 is divided by 435.
434
Calculate the remainder when 1098369555 is divided by 1377.
1374
Calculate the remainder when 8989514 is divided by 37.
31
Calculate the remainder when 49583178 is divided by 4134.
4116
Calculate the remainder when 5032310 is divided by 20049.
11
Calculate the remainder when 69115126 is divided by 137.
133
Calculate the remainder when 107714 is divided by 4788.
2378
What is the remainder when 86840 is divided by 74?
38
Calculate the remainder when 10264693 is divided by 21.
19
Calculate the remainder when 485870 is divided by 242210.
1450
What is the remainder when 322630 is divided by 504?
70
What is the remainder when 42800883 is divided by 3544?
3539
Calculate the remainder when 68279 is divided by 5630.
719
What is the remainder when 279377 is divided by 302?
27
What is the remainder when 131364984 is divided by 65682491?
2
Calculate the remainder when 1247641 is divided by 36.
25
Calculate the remainder when 62460 is divided by 1805.
1090
Calculate the remainder when 898526 is divided by 870.
686
Calculate the remainder when 5684654 is divided by 516763.
261
What is the remainder when 8218626 is divided by 876?
870
What is the remainder when 278541 is divided by 65?
16
Calculate the remainder when 3262339 is divided by 1087441.
16
Calculate the remainder when 322355 is divided by 21.
5
What is the remainder when 152720 is divided by 152686?
34
What is the remainder when 28206096 is divided by 270?
6
Calculate the remainder when 561035 is divided by 559922.
1113
Calculate the remainder when 761631 is divided by 24.
15
What is the remainder when 15199824 is divided by 3116?
3092
What is the remainder when 1928353 is divided by 68861?
245
Calculate the remainder when 788261 is divided by 23183.
39
Calculate the remainder when 5536434 is divided by 19426.
24
Calculate the remainder when 11914223 is divided by 237.
233
What is the remainder when 971912 is divided by 280?
32
What is the remainder when 1409136 is divided by 98?
92
Calculate the remainder when 3200002 is divided by 11808.
34
What is the remainder when 1305128 is divided by 93221?
34
Calculate the remainder when 3734335 is divided by 64.
63
What is the remainder when 14314108 is divided by 5?
3
Calculate the remainder when 334212 is divided by 166819.
574
Calculate the remainder when 169173 is divided by 65.
43
What is the remainder when 14752881 is divided by 11718?
11637
What is the remainder when 499802 is divided by 10?
2
Calculate the remainder when 38446 is divided by 2388.
238
What is the remainder when 9163 is divided by 558?
235
What is the remainder when 11694103 is divided by 4635?
4633
What is the remainder when 2510 is divided by 980?
550
Calculate the remainder when 83955 is divided by 45.
30
What is the remainder when 128474 is divided by 42772?
158
Calculate the remainder when 155763 is divided by 155737.
26
Calculate the remainder when 339517 is divided by 564.
553
Calculate the remainder when 82962511 is divided by 8.
7
Calculate the remainder when 416487 is divided by 207978.
531
Calculate the remainder when 1617460 is divided by 117.
52
What is the remainder when 4207392 is divided by 1410?
1362
What is the remainder when 3695191 is divided by 1847591?
9
What is the remainder when 9845096 is divided by 305?
1
What is the remainder when 331812 is divided by 110524?
240
What is the remainder when 2616 is divided by 647?
28
What is the remainder when 941419463 is divided by 1586?
1583
Calculate the remainder when 4834718 is divided by 1611566.
20
Calculate the remainder when 1477323 is divided by 642.
81
Calculate the remainder when 85060 is divided by 400.
260
Calculate the remainder when 70948412 is divided by 704.
700
Calculate the remainder when 46853926 is divided by 4556.
22
What is the remainder when 3147377 is divided by 1573683?
11
Calculate the remainder when 1036957 is divided by 110.
97
Calculate the remainder when 606066 is divided by 50150.
4266
What is the remainder when 22506797 is divided by 8?
5
Calculate the remainder when 2633983 is divided by 58.
29
What is the remainder when 350203 is divided by 654?
313
Calculate the remainder when 1905576 is divided by 17323.
46
Calculate the remainder when 752